n divisor of r and 175.
35
Let i be (-970)/(-30) - (-4)/6. What is the highest common factor of 286 and i?
11
Suppose 11561*v = 11571*v - 890. What is the greatest common factor of 445 and v?
89
Let f(w) = 38*w**2 + 42*w + 79. Let n be f(-2). What is the greatest common factor of 168 and n?
21
Let r = 143 + 87. Calculate the highest common factor of r and 46.
46
Let l = -492 - -504. Calculate the greatest common factor of 102 and l.
6
Suppose -66*u + 50*u + 17248 = 0. Calculate the highest common divisor of u and 44.
22
Let r(g) = -g + 18. Let m(f) = f**3 - 11*f**2 + 2*f - 16. Let y be m(11). Let k be r(y). Calculate the highest common divisor of 12 and k.
12
Let d(l) = -l + 11. Let o be d(0). Suppose 4*v + 3*q = 17, v + 2*q = -0 + 8. Let i be 3/(-1 - (v - 6)). What is the greatest common factor of i and o?
1
Suppose -2*m = 5*h + 44, 2*m - 4*h + 3*h = -20. Let p be (2/(-5))/((-2)/10). Let j be p/m - (-635)/30. Calculate the highest common divisor of 7 and j.
7
Let z be (4 + -64)/((-4)/18). Let p = -73 - 117. Let u = z + p. Calculate the highest common factor of 32 and u.
16
Let k = -9 - -13. Suppose -k*i + 3*q - 4*q = -44, 0 = -2*q - 8. What is the greatest common factor of 24 and i?
12
Let r = -3570 + 3582. Let o(t) = t**3 + 12. Let q be o(0). What is the greatest common factor of r and q?
12
Let k(w) = w + 12. Suppose 7*j - 4*j + 78 = 0. Let y be 12/8 + j/4. Let l be k(y). Calculate the highest common factor of 63 and l.
7
Let k(l) = -l + 1. Let w(z) = -z**3 + 8*z**2 - 12*z + 10. Let g(x) = -3*k(x) + w(x). Let q be g(6). Calculate the highest common factor of q and 5.
5
Suppose 0 = 2*r - 7 - 11. Suppose -5*l = 5*y - 25, -3*l + 43 = -8*y + 4*y. Calculate the highest common divisor of r and l.
9
Suppose -5*s + m + 89 = 0, m = -7*s + 5*s + 37. What is the highest common divisor of 2304 and s?
18
Suppose 0 = 6*b - 11*b - 15, -451 = -4*u + b. Suppose -4*n + 5*t + 72 = -12, -3*t - 60 = -3*n. Calculate the highest common factor of n and u.
16
Let p = 708 - 453. What is the greatest common factor of 51 and p?
51
Let n(m) = -2*m + 1. Let q be n(-2). Suppose -q*b + 31 = -89. Let c = -6 - -9. What is the highest common factor of c and b?
3
Suppose 0 = x + 2*p, 3*p + 20 = 3*x + 5*p. Let k(g) = g**3 + 8*g**2 + 4*g - 6. Let i be k(-7). Calculate the highest common factor of x and i.
5
Let r(a) be the third derivative of a**6/60 - 2*a**5/15 - 7*a**4/24 + 2*a**3 + 39*a**2. Let s be r(5). What is the greatest common divisor of s and 9?
9
Let r be 120/9*(-9)/(-6). Let l(t) = -4*t - 24. Suppose 5*k = 25, 50 = -5*o + 3*k - 0*k. Let h be l(o). What is the highest common divisor of h and r?
4
Suppose 5*l + 4*b = 760, 0 = -2*l + 6*b - 3*b + 327. Calculate the highest common factor of 104 and l.
52
Let u be -3*(16284/(-9))/2. Suppose -5*b = m - u - 491, -b + 652 = -2*m. Suppose 0 = -6*d + b - 180. What is the highest common factor of 11 and d?
11
Suppose -16*d = -25*d + 1215. What is the highest common divisor of d and 54?
27
Suppose 6521 = 15*n + 2546. What is the greatest common factor of n and 53?
53
Suppose 53 = r + 39. What is the highest common divisor of 7 and r?
7
Let v(u) = -u + 24. Let y be v(14). Let w = -5 + y. Let n = 2 - -18. What is the greatest common divisor of w and n?
5
Let c = -1 + 5. Suppose 2*t - 21 = -0*t + 3*m, 0 = -5*t + c*m + 63. Let z = 39 - 34. Calculate the greatest common divisor of z and t.
5
Let k(w) = -w**3 - 4*w**2 + 4*w - 12. Let v be (-2)/(-3) - 20/3. Let g be k(v). Calculate the highest common divisor of g and 4.
4
Suppose 0 = 4*m - 5 + 13, l - 2*m - 4 = 0. Suppose l = 5*s - 4*s - 57. Calculate the highest common divisor of s and 38.
19
Suppose 4*y - 266 = 5*v, -62 = -y - 9*v + 8*v. Suppose 3*b = b + 32. Calculate the highest common factor of y and b.
16
Let b(j) = j + 29. Let c be b(-5). What is the greatest common divisor of c and 32?
8
Let z = 31 + -31. Suppose z = -3*s - 5 + 35. Calculate the greatest common divisor of s and 25.
5
Let y = 1108 - 1052. Calculate the greatest common factor of 532 and y.
28
Let n(k) = 2*k + 3. Let b be n(3). Suppose 417 - 399 = 6*x. What is the greatest common factor of x and b?
3
Suppose 2*u = 2, 3*c + u = -3*u + 1165. What is the highest common factor of c and 18?
9
Suppose -2*z = 2*j - 3082, -187*z = -191*z - 2*j + 6164. What is the greatest common factor of z and 46?
23
Let g = 34 - -86. Let l(b) = -b**2 + 23*b - 45. Let i be l(20). Calculate the greatest common factor of i and g.
15
Let h = 112 + -22. Suppose -37 = -r - h. Let d = 143 + r. What is the greatest common factor of d and 15?
15
Let i(o) = -2*o**2 + 15*o - 5. Let t be i(7). Suppose t*a = -0*a + 152. Calculate the greatest common factor of 19 and a.
19
Let f(s) = -s**3 - s + 769. Let x be f(0). Let b be x/7 + (-3)/(-21). Calculate the greatest common divisor of 44 and b.
22
Let w(n) be the third derivative of n**4/8 - n**3/6 - 3*n**2. Let u be w(7). Suppose -100 = -11*l - 9*l. What is the highest common divisor of l and u?
5
Suppose -2*y + v + 24 = -55, -5*y = 4*v - 230. Calculate the greatest common factor of 231 and y.
21
Let f = -6 - -201. Suppose -5*l + p = -f, p - 25 = 6*p. Calculate the greatest common factor of l and 95.
19
Suppose -5*w + 14 = 4*x, x + w + 0 = 3. Suppose -3*d + x + 83 = 0. What is the greatest common divisor of 7 and d?
7
Let w(d) be the second derivative of -d**3/6 + 3*d**2 - 3*d. Let b be w(-3). What is the highest common factor of 9 and b?
9
Let m(k) = -k**3 + 6*k**2 - 10*k - 19. Let l be m(-5). Suppose 6*o - 9*o = -l. Calculate the highest common factor of o and 34.
34
Let t = -3 + 30. Let q be 4/18 - (-1020)/t. What is the highest common divisor of 114 and q?
38
Suppose 5*r = 2*l - 3*l + 9, 0 = 4*l + 4*r - 20. Let a be 137/l - 27/(-36). Calculate the greatest common divisor of a and 7.
7
Suppose -5*a + 955 = 4*b, 5*a + 16*b - 950 = 11*b. Calculate the highest common factor of a and 20.
5
Let z be 3/3 + (-5)/(-10)*8. Suppose h - 50 = -0*h. Let o be 2/8*2*h. Calculate the highest common divisor of o and z.
5
Let a(g) = 3*g + 67. Let m be a(-19). What is the highest common divisor of m and 22?
2
Let u(b) = -2*b**3 - 2*b**2 + b. Let j be u(1). Let p be 6*(-3)/18*-6. Let m = j + p. Calculate the highest common factor of m and 9.
3
Suppose g - 4*f = 142, 2*f - 665 = -5*g + 7*f. Let k(m) = 6*m + 10. Let y be k(7). Calculate the highest common divisor of y and g.
26
Let f(o) = o**2 - 331. Let c be f(-21). What is the greatest common divisor of c and 1650?
110
Let l be 98/70 - 1 - (-13)/5. Let q(m) = -m**3 + 3*m**2 + m. Let p be q(3). What is the highest common factor of p and l?
3
Let s = -49 + 91. Let w = s - 40. Suppose 3*t - 44 = -2. Calculate the greatest common factor of t and w.
2
Suppose -7*s - 3*b = -5*s - 182, -93 = -s - 2*b. What is the highest common factor of 153 and s?
17
Let b = -39 - -49. Suppose 814 = 4*s + 5*y, -3*y = -s - 62 + 257. Suppose -61 = -4*x + w + 98, 5*x - s = -w. Calculate the highest common factor of x and b.
10
Suppose 0 = 13*u - 8*u - 610. Suppose 14 = -6*x + u. Calculate the highest common divisor of x and 24.
6
Suppose 10 = -11*n + 13*n. Suppose 6 = -3*i, -n*t + 138 = 2*i + 17. What is the greatest common divisor of 10 and t?
5
Suppose -40*g + 145 = -11*g. What is the highest common factor of g and 815?
5
Suppose 4 = 2*m - 0*f - 5*f, 2*f = m - 2. Let q(o) = -2 + m*o - 8 + 0*o. Let s be q(11). Calculate the greatest common divisor of s and 60.
12
Let n(k) = k**2 + 8*k + 16. Let g be n(-3). Let t(a) = -a**3 + 8*a**2 - 5*a - 8. Let p be t(7). Calculate the highest common divisor of g and p.
1
Suppose -4*n = -421 + 337. Calculate the highest common factor of 217 and n.
7
Let w be (-4)/16 - 1013/(-4). Calculate the highest common divisor of 46 and w.
23
Suppose 4214*q = 4196*q + 1134. Let k be (-2)/5 + (-186)/(-15). Suppose 2 = 2*f - k. Calculate the highest common divisor of f and q.
7
Let c be 16 - (-5 + 8 + 3/(-1)). Suppose -a - 3*b = -0*b - c, -4*b = -4*a + 96. What is the highest common factor of a and 242?
22
Let c be (7/(-42))/(1/(-78)). Suppose 12*m - c*m + 275 = 0. What is the highest common factor of 25 and m?
25
Let a = -22 - -48. Let s = -2 + 3. Suppose 0 = u + 4 - s, -4*u + 144 = 4*h. What is the highest common divisor of a and h?
13
Let w(z) = 5*z**2 - z + 2. Le